20/6)/(r/(-36))?
6
Let y(n) = n + 5. Let i be y(0). Let b(a) = -a**3 + 5*a**2 + 2*a - 2. Let r be b(i). Suppose 5*k = r*k - 192. What is the units digit of k?
4
Let i = 154839 + -72939. What is the ten thousands digit of i?
8
Suppose 2229 = l - 5*j, -2*l = -4*j + 1014 - 5484. What is the hundreds digit of l?
2
Suppose 306*n + 33271002 = 1005*n. What is the hundreds digit of n?
5
What is the ten thousands digit of (14882/49)/(10/70)*22?
4
Let j = -139 + 141. Let s(z) = 31*z**3 - z**2 - 15*z + 25. What is the units digit of s(j)?
9
Let y(a) = a**2 - 7*a - 18. Let b be 58/10 - (-1)/5 - -3. Let o be y(b). Suppose 4*w + 37 + 9 = 5*q, 4*q + 3*w - 43 = o. What is the units digit of q?
0
Suppose -5*l + 1 = -3*g, 3*g - 8 = 6*g + 2*l. Let t(v) = -110*v + 16. Let o be t(g). Let r = o - -35. What is the hundreds digit of r?
2
What is the thousands digit of 28/(-77) - (-1991358)/198?
0
Let z(k) = -224*k + 12. Let i be z(-9). Suppose -16*h = i - 14348. Suppose -5*o + h = 5*y - 10*o, 3*y - 462 = 4*o. What is the hundreds digit of y?
1
Suppose 51 = -4*h + 21*h. Suppose -h*p + 716 = 4*y, -2*p + 2*y - y = -481. What is the hundreds digit of p?
2
Suppose 2*k = 21*k - 13*k - 47274. What is the units digit of k?
9
Suppose 159*p = 163*p - 4*u - 56720, -3*p = u - 42556. What is the ten thousands digit of p?
1
Suppose -4*m = -3*d + 11007 + 27516, 3*d - 2*m = 38535. What is the thousands digit of d?
2
Suppose q - 1510 = p, 14*q = 10*q - 3*p + 6019. Suppose -4*b = -a - 1511, 2*a + q = 4*b - 3*a. What is the hundreds digit of b?
3
Let w = 175 - 205. What is the units digit of 42/(-315) - 12454/w?
5
Let o be (1 - 1)/((-8)/((-32)/(-4))). Suppose o = -6*r - 371 + 2183. What is the units digit of r?
2
Let r = -10 - -19. Let b(j) = -3*j**2 + 18*j - 7. Let p be b(5). Suppose l = -p + r. What is the units digit of l?
1
Let j be 28 - (3/3 + 2). Suppose 1 - 47 = -z. Let b = j + z. What is the units digit of b?
1
Let u = 211 + 391. Suppose -7*v + 2261 = u. What is the hundreds digit of v?
2
Let x = 20521 - 19591. What is the hundreds digit of x?
9
Let v = -115777 - -171560. What is the hundreds digit of v?
7
Let u(i) = 15*i + 14. Let a(w) be the second derivative of 7*w**3/6 + 7*w**2/2 - 26*w. Let p(g) = 9*a(g) - 4*u(g). What is the tens digit of p(12)?
4
Let h = -980 + 1537. What is the hundreds digit of h?
5
Let t(d) be the third derivative of -19*d**4/12 - d**3/6 - 23*d**2. Let w be t(-11). Let j = w + -198. What is the hundreds digit of j?
2
Suppose -55*w - 94*w + 2978361 = -0*w. What is the tens digit of w?
8
Let p = -14655 + 27109. Suppose -27*k + 16949 = -p. What is the tens digit of k?
8
Suppose 0*c + c - 19165 = -u, -95817 = -5*u + 3*c. What is the ten thousands digit of u?
1
Suppose -4*a + 59 = -2*u + 5*u, -5*a + 25 = 0. Suppose u*i - 10*i = 36. What is the tens digit of i/(-30)*1 - (-192)/5?
3
Suppose -3*t = -6*o + 2*o - 104, -o - 26 = 3*t. Let w be (-10)/(-3) - o/39. Suppose -5*y - 37 = -4*j, 5*j + 0*j + w*y = 36. What is the units digit of j?
8
Suppose 0 = 2*l + l. Suppose -4*n + 7*u = 4*u + 92, -n - 5*u - 23 = l. What is the units digit of n/(-3) - 10/15?
7
Let s(b) be the first derivative of 13*b**2/2 - 7*b + 18. Suppose 1 = 3*o - 11. What is the tens digit of s(o)?
4
Let i(t) = -65*t**3 - 18*t**2 - 14*t - 12. What is the units digit of i(-4)?
6
Let t(a) = 94*a**2 - 97*a + 1163. What is the tens digit of t(11)?
7
Let b(w) = 367*w + 1. Let x be b(3). Let l = -645 + x. What is the tens digit of l?
5
What is the thousands digit of (-8)/(-280)*20 - (-92560)/14?
6
Suppose 50 = -7*k + 17*k. What is the units digit of 42525/70*8/k?
2
Let u(l) = l + 8. Let w be u(41). Let d = 414 - w. What is the units digit of d?
5
Let s(c) = 9*c**2 - 24*c - 5. Let v(u) = -u**2 + 13*u - 34. Let d be v(8). What is the hundreds digit of s(d)?
1
Let o = 40711 - 28352. What is the ten thousands digit of o?
1
Suppose 76986 = 7*t + 739 - 7893. What is the hundreds digit of t?
0
Let i(s) = -s**2 + 19*s - 74. Let b be i(6). What is the hundreds digit of -8 - (-3379)/b - (-1)/4?
8
Suppose 32*s = 84876 + 69748. What is the tens digit of s?
3
What is the thousands digit of 3 + (1/((-3)/(-9555)))/(13/26)?
6
Let g(x) = 4*x**2 - 30*x - 18. Let c be 24 - 6 - (-2 - -8). What is the tens digit of g(c)?
9
Let m = -3112 - -5885. Suppose 4*q + a = 2290, -2*a - 485 + m = 4*q. What is the tens digit of q?
7
Suppose 74767 = 3*h - 64*a + 63*a, h + 13*a = 24909. What is the hundreds digit of h?
9
Let g be (-1)/((2 + -1)/((-45)/5)). What is the units digit of ((-261)/(-4))/(g/24)?
4
Suppose 0 = -4*o - v + 47110, 3*v + 4 = -2. What is the thousands digit of o?
1
Suppose 0 = -2*d + 2*g + 86106, 154*d - 153*d + 7*g - 43077 = 0. What is the tens digit of d?
5
Let y be (-28)/(-6)*(-4 + (-293)/(-2)). Let v = -280 + y. What is the hundreds digit of v?
3
Let m be -1 + 6 + -3438 + 6 + -1. What is the units digit of m/(-20) - 21/(-35)?
2
Suppose j - 21 = 2*p, p = -3*j + 2*j + 6. Suppose 0 = 3*n - m - j, -5*m + 10 = 4*n - 11. Suppose 3*z + 2*f = 33, 3*f = -3*z + n*z. What is the units digit of z?
9
Let i be (4 + (-5 - 3) - 0) + -111. Let b = 500 + i. What is the units digit of b?
5
Let n = 19 + -17. Let s be 3 - (2/13 - 12496/104). Suppose -p - n*p = -s. What is the tens digit of p?
4
Suppose 5*f - 3640 = -2*b, -10321 = -5*b - 3*f - 1240. What is the hundreds digit of b?
8
Suppose -d + 4391 = -2*k, 4*k = 4*d + 8*k - 17636. What is the tens digit of d?
0
Suppose 8*o - 2648 = 6*o - 4*r, 5*o - 3*r - 6633 = 0. Suppose 2*g - 3*n - o = -492, -4*g - n + 1668 = 0. What is the tens digit of g?
1
Let k(p) = p**3 + 9*p**2 + 17*p + 24. Let b be k(-7). Suppose i - 3657 = -b*t, -14*i = 5*t - 10*i - 6102. What is the hundreds digit of t?
2
What is the thousands digit of 2/(-13) - (-43297946)/2977?
4
Let x be ((-729)/54)/((-1)/16). Let d = x + 531. What is the hundreds digit of d?
7
Let c(v) = 2*v**2 - 37*v + 22. Let t be c(18). Suppose -t*z - 4 = 0, 5*b = 2*b + z - 323. Let k = b - -344. What is the tens digit of k?
3
Let u = 24 - 14. Let c be 3 + 6*(-5)/u. Suppose c = 3*v - v - 92. What is the tens digit of v?
4
Suppose 362 = -w + 393. Suppose -w*j = -29*j - 1618. What is the tens digit of j?
0
Let k be 8/12 - -2*(-353)/(-3). Suppose 0 = 42*m - 41*m - k. What is the hundreds digit of m?
2
Suppose 0 = 6*c - 11*c + 25. Suppose -2*b + c*v = 43, 5*b + v = -33 - 142. Let k = 65 + b. What is the units digit of k?
1
Let p(m) be the second derivative of m**5/20 - m**4 + 11*m**3/6 - 13*m**2/2 - m. Let f be p(11). Let o = 39 + f. What is the tens digit of o?
2
Suppose -3675 = 5*p - 3685. Suppose 0 = u - 4*u. Suppose 0 = -p*d + 5*v + 187, -2*d + u*d + 190 = -2*v. What is the units digit of d?
6
Suppose -5*f - 25 = 160. Let s = -67 - f. What is the tens digit of (s + 27)*(44/(-2))/1?
6
Let q = -13216 - -34141. What is the units digit of q?
5
Let y(v) = -v**2 + 5. Let b be y(0). Suppose 0 = 4*f - 3*k - 797, -45*f + k = -44*f - 199. Suppose 100 = b*z - f. What is the units digit of z?
0
Suppose 17*x + 2077416 = 116*x. What is the units digit of x?
4
Let i(p) be the first derivative of 27 + 1/2*p**2 + 28*p. What is the units digit of i(-19)?
9
Suppose 61*q + 42366 = 64*q + 4*s, 3*s + 18 = 0. What is the units digit of q?
0
Let s = -1653 + 5008. What is the tens digit of s?
5
Let u(o) = -o**2 - 75*o + 155. Let h(q) = q**2 + 36*q - 77. Let l(i) = 13*h(i) + 6*u(i). What is the hundreds digit of l(13)?
3
Let o(u) = -u + 4. Let l be o(4). Suppose l = -3*w + 32 + 46. What is the tens digit of w?
2
Let d(r) = -104*r - 1. Let k be d(0). Let q be 12/10*(-20)/3. What is the tens digit of 3/((k + 0)/(-29 - q))?
6
Let l be (-1)/(9/(-108)) + -10. Let i(g) = -g - 3. Let t be i(-5). Suppose -2*a = t*q - 34, l*q - 2*a = -q + 31. What is the units digit of q?
3
Suppose 3*o + 243 - 231 = 0, 2*h - 20 = 2*o. Suppose 0 = d - 3*d - 5*i - 6, -3*d + 3*i = -12. Suppose d*r = h*r - 572. What is the hundreds digit of r?
1
Suppose 19 = -y - 3*l, -2*y - 2*l - 48 = 2*l. Let b(u) = 27*u + 249. Let w be b(-4). Let x = w + y. What is the units digit of x?
7
Let s(j) = 5*j**2 + 37*j - 104. Let u be s(3). Let m(v) = -v**2 + 8*v - 9. Let i be m(6). Let f = u + i. What is the units digit of f?
5
Let j be ((-9)/6)/(3/(-3574)). Suppose 3*c - 7004 = -4*u, 8795 = 4*u + 4*c + j. What is th